{"id":1063,"date":"2019-03-05T17:33:54","date_gmt":"2019-03-05T17:33:54","guid":{"rendered":"http:\/\/test.ringet.cz\/test.index.php\/?page_id=1063"},"modified":"2019-03-05T17:35:03","modified_gmt":"2019-03-05T17:35:03","slug":"buy-the-shirt-support-the-team","status":"publish","type":"page","link":"http:\/\/www.ringet.cz\/?page_id=1063","title":{"rendered":"BUY THE SHIRT, SUPPORT THE TEAM"},"content":{"rendered":"<p>BUY THE SHIRT, SUPPORT THE TEAM. The Czech National Ringette Team is selling this awesome fundraising t-shirt. It&#8217;s 425 czk each ($25 CAD). If you buy 3 or more t-shirts, you can get your name and number printed on the back for FREE! All proceeds are going towards helping the team go to the World Ringette Championship. Simply comment below if you\u2019re interested in purchasing this shirt and we will contact you with more details. THANK YOU FOR YOUR SUPPORT!<\/p>\n<p><img loading=\"lazy\" decoding=\"async\" class=\"size-full wp-image-1064 aligncenter\" src=\"http:\/\/test.ringet.cz\/domains\/test.ringet.cz\/wp-content\/uploads\/2019\/03\/53545822_567597613749793_232206045353607168_n.png\" alt=\"\" width=\"940\" height=\"788\" srcset=\"http:\/\/ringet.cz\/domains\/ringet.cz\/wp-content\/uploads\/2019\/03\/53545822_567597613749793_232206045353607168_n.png 940w, http:\/\/ringet.cz\/domains\/ringet.cz\/wp-content\/uploads\/2019\/03\/53545822_567597613749793_232206045353607168_n-300x251.png 300w, http:\/\/ringet.cz\/domains\/ringet.cz\/wp-content\/uploads\/2019\/03\/53545822_567597613749793_232206045353607168_n-768x644.png 768w\" sizes=\"auto, (max-width: 940px) 100vw, 940px\" \/><\/p>\n<form action=\"https:\/\/www.paypal.com\/cgi-bin\/webscr\" method=\"post\" target=\"_top\">\n<input type=\"hidden\" name=\"cmd\" value=\"_s-xclick\"><br \/>\n<input type=\"hidden\" name=\"hosted_button_id\" value=\"VCNCTQ3KV2VN4\"><\/p>\n<table>\n<tr>\n<td><input type=\"hidden\" name=\"on0\" value=\"Size\">Size<\/td>\n<\/tr>\n<tr>\n<td><select name=\"os0\"><option value=\"Small\">Small <\/option><option value=\"Medium\">Medium <\/option><option value=\"Large\">Large <\/option><option value=\"Extra large\">Extra large <\/option><\/select> <\/td>\n<\/tr>\n<tr>\n<td><input type=\"hidden\" name=\"on1\" value=\"your comment\">your comment<\/td>\n<\/tr>\n<tr>\n<td><input type=\"text\" name=\"os1\" maxlength=\"200\"><\/td>\n<\/tr>\n<\/table>\n<p><input type=\"image\" src=\"https:\/\/www.paypalobjects.com\/en_US\/i\/btn\/btn_buynowCC_LG.gif\" border=\"0\" name=\"submit\" alt=\"PayPal - The safer, easier way to pay online!\"><br \/>\n<img loading=\"lazy\" decoding=\"async\" alt=\"\" border=\"0\" src=\"https:\/\/www.paypalobjects.com\/cs_CZ\/i\/scr\/pixel.gif\" width=\"1\" height=\"1\"><br \/>\n<\/form>\n","protected":false},"excerpt":{"rendered":"<p>BUY THE SHIRT, SUPPORT THE TEAM. The Czech National Ringette Team is selling this awesome fundraising t-shirt. It&#8217;s 425 czk each ($25 CAD). If you buy 3 or more t-shirts, you can get your name and number printed on the back for FREE! All proceeds are going towards helping the team go to the World &hellip; <a href=\"http:\/\/www.ringet.cz\/?page_id=1063\" class=\"more-link\">Pokra\u010dov\u00e1n\u00ed textu <span class=\"screen-reader-text\">BUY THE SHIRT, SUPPORT THE TEAM<\/span> <span class=\"meta-nav\">&rarr;<\/span><\/a><\/p>\n","protected":false},"author":1,"featured_media":0,"parent":0,"menu_order":0,"comment_status":"closed","ping_status":"closed","template":"","meta":{"footnotes":""},"class_list":["post-1063","page","type-page","status-publish","hentry"],"_links":{"self":[{"href":"http:\/\/www.ringet.cz\/index.php?rest_route=\/wp\/v2\/pages\/1063","targetHints":{"allow":["GET"]}}],"collection":[{"href":"http:\/\/www.ringet.cz\/index.php?rest_route=\/wp\/v2\/pages"}],"about":[{"href":"http:\/\/www.ringet.cz\/index.php?rest_route=\/wp\/v2\/types\/page"}],"author":[{"embeddable":true,"href":"http:\/\/www.ringet.cz\/index.php?rest_route=\/wp\/v2\/users\/1"}],"replies":[{"embeddable":true,"href":"http:\/\/www.ringet.cz\/index.php?rest_route=%2Fwp%2Fv2%2Fcomments&post=1063"}],"version-history":[{"count":9,"href":"http:\/\/www.ringet.cz\/index.php?rest_route=\/wp\/v2\/pages\/1063\/revisions"}],"predecessor-version":[{"id":1073,"href":"http:\/\/www.ringet.cz\/index.php?rest_route=\/wp\/v2\/pages\/1063\/revisions\/1073"}],"wp:attachment":[{"href":"http:\/\/www.ringet.cz\/index.php?rest_route=%2Fwp%2Fv2%2Fmedia&parent=1063"}],"curies":[{"name":"wp","href":"https:\/\/api.w.org\/{rel}","templated":true}]}}