{"id":121,"date":"2016-01-25T13:36:31","date_gmt":"2016-01-25T13:36:31","guid":{"rendered":"http:\/\/test.ringet.cz\/domains\/test.ringet.cz\/?page_id=121"},"modified":"2016-06-29T15:19:32","modified_gmt":"2016-06-29T15:19:32","slug":"uzitecne-odkazy","status":"publish","type":"page","link":"http:\/\/www.ringet.cz\/?page_id=121","title":{"rendered":"U\u017eite\u010dn\u00e9 odkazy"},"content":{"rendered":"<p><a href=\"http:\/\/test.ringet.cz\/domains\/test.ringet.cz\/wp-content\/uploads\/2016\/01\/irflogo.gif\"><img loading=\"lazy\" decoding=\"async\" class=\"wp-image-90  alignnone\" src=\"http:\/\/test.ringet.cz\/domains\/test.ringet.cz\/wp-content\/uploads\/2016\/01\/irflogo.gif\" alt=\"irflogo\" width=\"118\" height=\"198\" \/><\/a><a href=\"http:\/\/www.ringette.ca\/\"><img loading=\"lazy\" decoding=\"async\" class=\"wp-image-91  alignleft\" src=\"http:\/\/test.ringet.cz\/domains\/test.ringet.cz\/wp-content\/uploads\/2016\/01\/canadaringette-300x93.jpg\" alt=\"canadaringette\" width=\"301\" height=\"94\" srcset=\"http:\/\/ringet.cz\/domains\/ringet.cz\/wp-content\/uploads\/2016\/01\/canadaringette-300x93.jpg 300w, http:\/\/ringet.cz\/domains\/ringet.cz\/wp-content\/uploads\/2016\/01\/canadaringette-1024x319.jpg 1024w, http:\/\/ringet.cz\/domains\/ringet.cz\/wp-content\/uploads\/2016\/01\/canadaringette.jpg 1800w\" sizes=\"auto, (max-width: 301px) 100vw, 301px\" \/><\/a><\/p>\n<p>&nbsp;<\/p>\n<p>&nbsp;<\/p>\n<p>&nbsp;<\/p>\n<p>&nbsp;<\/p>\n<p>&nbsp;<\/p>\n<p>&nbsp;<\/p>\n","protected":false},"excerpt":{"rendered":"<p>&nbsp; &nbsp; &nbsp; &nbsp; &nbsp; &nbsp;<\/p>\n","protected":false},"author":1,"featured_media":0,"parent":116,"menu_order":0,"comment_status":"closed","ping_status":"open","template":"","meta":{"footnotes":""},"class_list":["post-121","page","type-page","status-publish","hentry"],"_links":{"self":[{"href":"http:\/\/www.ringet.cz\/index.php?rest_route=\/wp\/v2\/pages\/121","targetHints":{"allow":["GET"]}}],"collection":[{"href":"http:\/\/www.ringet.cz\/index.php?rest_route=\/wp\/v2\/pages"}],"about":[{"href":"http:\/\/www.ringet.cz\/index.php?rest_route=\/wp\/v2\/types\/page"}],"author":[{"embeddable":true,"href":"http:\/\/www.ringet.cz\/index.php?rest_route=\/wp\/v2\/users\/1"}],"replies":[{"embeddable":true,"href":"http:\/\/www.ringet.cz\/index.php?rest_route=%2Fwp%2Fv2%2Fcomments&post=121"}],"version-history":[{"count":3,"href":"http:\/\/www.ringet.cz\/index.php?rest_route=\/wp\/v2\/pages\/121\/revisions"}],"predecessor-version":[{"id":785,"href":"http:\/\/www.ringet.cz\/index.php?rest_route=\/wp\/v2\/pages\/121\/revisions\/785"}],"up":[{"embeddable":true,"href":"http:\/\/www.ringet.cz\/index.php?rest_route=\/wp\/v2\/pages\/116"}],"wp:attachment":[{"href":"http:\/\/www.ringet.cz\/index.php?rest_route=%2Fwp%2Fv2%2Fmedia&parent=121"}],"curies":[{"name":"wp","href":"https:\/\/api.w.org\/{rel}","templated":true}]}}