{"id":1400,"date":"2024-04-18T10:23:17","date_gmt":"2024-04-18T10:23:17","guid":{"rendered":"https:\/\/www.ringet.cz\/?page_id=1400"},"modified":"2024-04-18T12:05:17","modified_gmt":"2024-04-18T12:05:17","slug":"mistrovstvi-sveta-2023","status":"publish","type":"page","link":"http:\/\/www.ringet.cz\/?page_id=1400","title":{"rendered":"Mistrovstv\u00ed sv\u011bta 2023 Calgary"},"content":{"rendered":"<p>Mistrovstv\u00ed sv\u011bta 2023 se konalo od 29. \u0159\u00edjna do 4. listopadu v Calgary, Kanada, v r\u00e1mci oslav 60. v\u00fdro\u010d\u00ed zalo\u017een\u00ed tohoto sportu. Tato ud\u00e1lost p\u0159il\u00e1kala t\u00fdmy z cel\u00e9ho sv\u011bta v\u010detn\u011b Kanady, Finska, \u0160v\u00e9dska, \u010cesk\u00e9 republiky a USA a nab\u00eddla nejen mezin\u00e1rodn\u00ed sout\u011b\u017ee, ale i p\u0159ehl\u00eddku rozvojov\u00fdch program\u016f pro mlad\u00e9 hr\u00e1\u010dky, tren\u00e9ry a rozhod\u010d\u00ed. Hlavn\u00edm m\u00edstem kon\u00e1n\u00ed byla ar\u00e9na WinSport.<\/p>\n<p>Ve fin\u00e1lov\u00e9m z\u00e1pase zv\u00edt\u011bzil t\u00fdm USA nad \u0160v\u00e9dskem s p\u0159esv\u011bd\u010div\u00fdm sk\u00f3re 8:1. Americk\u00fd t\u00fdm dominoval po celou dobu turnaje a zaslou\u017een\u011b slavil dal\u0161\u00ed mistrovsk\u00fd titul. Z\u00e1rove\u0148 byly p\u0159ed\u00e1ny ocen\u011bn\u00ed pro nejlep\u0161\u00ed hr\u00e1\u010de cel\u00e9ho turnaje, p\u0159i\u010dem\u017e neju\u017eite\u010dn\u011bj\u0161\u00ed hr\u00e1\u010dkou byla Isabella Koppens z USA, kter\u00e1 zaznamenala 8 g\u00f3l\u016f a 7 asistenc\u00ed.<\/p>\n<p>T\u00fdm \u010cesk\u00e9 republiky byl ocen\u011bn za v\u00fdkony jednotliv\u00fdch hr\u00e1\u010d\u016f. Konkr\u00e9tn\u011b brank\u00e1\u0159ka Katerina Dvo\u0159\u00e1kov\u00e1 byla vyzdvihov\u00e1na za sv\u00e9 v\u00fdkony, kdy\u017e b\u011bhem turnaje zaznamenala v\u00edce ne\u017e 50 z\u00e1krok\u016f v ka\u017ed\u00e9m z\u00e1pase, co\u017e ji vyneslo ocen\u011bn\u00ed nejlep\u0161\u00edho hr\u00e1\u010de t\u00fdmu \u010cesk\u00e9 republiky. Tento turnaj byl pro \u010desk\u00fd t\u00fdm p\u0159\u00edle\u017eitost\u00ed uk\u00e1zat sv\u00e9 schopnosti na mezin\u00e1rodn\u00ed sc\u00e9n\u011b. Op\u011bt z\u00edskal bronzov\u00e9 medaile a zlep\u0161uj\u00edc\u00ed se v\u00fdkony a soudr\u017enost t\u00fdmu byly pozitivn\u011b hodnoceny.<\/p>\n<p><img loading=\"lazy\" decoding=\"async\" class=\"alignnone size-medium wp-image-1408 aligncenter\" src=\"http:\/\/ringet.cz\/domains\/ringet.cz\/wp-content\/uploads\/2024\/04\/ms-tym-2023-300x200.jpeg\" alt=\"\" width=\"300\" height=\"200\" srcset=\"http:\/\/ringet.cz\/domains\/ringet.cz\/wp-content\/uploads\/2024\/04\/ms-tym-2023-300x200.jpeg 300w, http:\/\/ringet.cz\/domains\/ringet.cz\/wp-content\/uploads\/2024\/04\/ms-tym-2023-150x100.jpeg 150w, http:\/\/ringet.cz\/domains\/ringet.cz\/wp-content\/uploads\/2024\/04\/ms-tym-2023-768x512.jpeg 768w, http:\/\/ringet.cz\/domains\/ringet.cz\/wp-content\/uploads\/2024\/04\/ms-tym-2023.jpeg 1024w\" sizes=\"auto, (max-width: 300px) 100vw, 300px\" \/><\/p>\n<p>Tato ud\u00e1lost slou\u017eila nejen jako uk\u00e1zka vrcholov\u00e9ho ringetu, ale tak\u00e9 jako p\u0159\u00edle\u017eitost k oslav\u011b a propagaci tohoto dynamick\u00e9ho sportu mezi \u0161ir\u0161\u00ed ve\u0159ejnost\u00ed.<\/p>\n<p>D\u011bkujeme v\u0161em partner\u016fm, hr\u00e1\u010dk\u00e1m, realiza\u010dn\u00edmu t\u00fdmu, po\u0159adatel\u016fm a hlavn\u011b na\u0161im fanou\u0161k\u016fm za podporu.<\/p>\n","protected":false},"excerpt":{"rendered":"<p>Mistrovstv\u00ed sv\u011bta 2023 se konalo od 29. \u0159\u00edjna do 4. listopadu v Calgary, Kanada, v r\u00e1mci oslav 60. v\u00fdro\u010d\u00ed zalo\u017een\u00ed tohoto sportu. Tato ud\u00e1lost p\u0159il\u00e1kala t\u00fdmy z cel\u00e9ho sv\u011bta v\u010detn\u011b Kanady, Finska, \u0160v\u00e9dska, \u010cesk\u00e9 republiky a USA a nab\u00eddla nejen mezin\u00e1rodn\u00ed sout\u011b\u017ee, ale i p\u0159ehl\u00eddku rozvojov\u00fdch program\u016f pro mlad\u00e9 hr\u00e1\u010dky, tren\u00e9ry a rozhod\u010d\u00ed. Hlavn\u00edm m\u00edstem &hellip; <a href=\"http:\/\/www.ringet.cz\/?page_id=1400\" class=\"more-link\">Pokra\u010dov\u00e1n\u00ed textu <span class=\"screen-reader-text\">Mistrovstv\u00ed sv\u011bta 2023 Calgary<\/span> <span class=\"meta-nav\">&rarr;<\/span><\/a><\/p>\n","protected":false},"author":1,"featured_media":0,"parent":56,"menu_order":0,"comment_status":"closed","ping_status":"closed","template":"","meta":{"footnotes":""},"class_list":["post-1400","page","type-page","status-publish","hentry"],"_links":{"self":[{"href":"http:\/\/www.ringet.cz\/index.php?rest_route=\/wp\/v2\/pages\/1400","targetHints":{"allow":["GET"]}}],"collection":[{"href":"http:\/\/www.ringet.cz\/index.php?rest_route=\/wp\/v2\/pages"}],"about":[{"href":"http:\/\/www.ringet.cz\/index.php?rest_route=\/wp\/v2\/types\/page"}],"author":[{"embeddable":true,"href":"http:\/\/www.ringet.cz\/index.php?rest_route=\/wp\/v2\/users\/1"}],"replies":[{"embeddable":true,"href":"http:\/\/www.ringet.cz\/index.php?rest_route=%2Fwp%2Fv2%2Fcomments&post=1400"}],"version-history":[{"count":8,"href":"http:\/\/www.ringet.cz\/index.php?rest_route=\/wp\/v2\/pages\/1400\/revisions"}],"predecessor-version":[{"id":1410,"href":"http:\/\/www.ringet.cz\/index.php?rest_route=\/wp\/v2\/pages\/1400\/revisions\/1410"}],"up":[{"embeddable":true,"href":"http:\/\/www.ringet.cz\/index.php?rest_route=\/wp\/v2\/pages\/56"}],"wp:attachment":[{"href":"http:\/\/www.ringet.cz\/index.php?rest_route=%2Fwp%2Fv2%2Fmedia&parent=1400"}],"curies":[{"name":"wp","href":"https:\/\/api.w.org\/{rel}","templated":true}]}}