{"id":109,"date":"2016-01-25T13:29:23","date_gmt":"2016-01-25T13:29:23","guid":{"rendered":"http:\/\/test.ringet.cz\/domains\/test.ringet.cz\/?page_id=109"},"modified":"2023-07-16T08:47:05","modified_gmt":"2023-07-16T08:47:05","slug":"sponzori","status":"publish","type":"page","link":"https:\/\/www.ringet.cz\/?page_id=109","title":{"rendered":"Partne\u0159i"},"content":{"rendered":"<p style=\"text-align: center;\"><strong>Po\u0159adatelem leto\u0161n\u00edho Mistrovstv\u00ed sv\u011bta je kanadsk\u00e9 Calgary. A po p\u00e1t\u00e9 v \u0159ad\u011b se z\u00fa\u010dastn\u00ed nejd\u016fle\u017eit\u011bj\u0161\u00ed ringetov\u00e9 akce roku i \u010cesk\u00e1 republika.<\/strong><\/p>\n<p><img loading=\"lazy\" decoding=\"async\" class=\"aligncenter wp-image-1264 size-large\" src=\"http:\/\/ringet.cz\/domains\/ringet.cz\/wp-content\/uploads\/2023\/07\/cropped-cropped-IMG_6592-scaled-1-1024x330.jpg\" alt=\"\" width=\"474\" height=\"153\" srcset=\"http:\/\/ringet.cz\/domains\/ringet.cz\/wp-content\/uploads\/2023\/07\/cropped-cropped-IMG_6592-scaled-1-1024x330.jpg 1024w, http:\/\/ringet.cz\/domains\/ringet.cz\/wp-content\/uploads\/2023\/07\/cropped-cropped-IMG_6592-scaled-1-300x97.jpg 300w, http:\/\/ringet.cz\/domains\/ringet.cz\/wp-content\/uploads\/2023\/07\/cropped-cropped-IMG_6592-scaled-1-768x247.jpg 768w, http:\/\/ringet.cz\/domains\/ringet.cz\/wp-content\/uploads\/2023\/07\/cropped-cropped-IMG_6592-scaled-1.jpg 1260w\" sizes=\"auto, (max-width: 474px) 100vw, 474px\" \/><\/p>\n<p style=\"text-align: center;\">Ringet je v \u010cesk\u00e9 republice st\u00e1le mlad\u00fdm sportem a jednotliv\u00e9 ringetov\u00e9 akce v\u010detn\u011b reprezentace jsou samofinancovan\u00e9 jednotliv\u00fdmi hr\u00e1\u010dkami a \u010dleny svazu. Jen d\u00edky na\u0161im partner\u016fm jsme schopni tuto z\u00e1t\u011b\u017e sn\u00ed\u017eit a umo\u017enit tak v\u00edce hr\u00e1\u010d\u016fm zapojen\u00ed do ringetov\u00fdch aktivit.<\/p>\n<p style=\"text-align: center;\">Aktu\u00e1ln\u011b <strong>hled\u00e1me partnery pro reprezenta\u010dn\u00ed t\u00fdm<\/strong>, kter\u00fd se ve dnech 27.10. &#8211; 6.11.2023 z\u00fa\u010dastn\u00ed <strong>Mistrovstv\u00ed sv\u011bta v ringetu 2023<\/strong> (Calgary, Kanada). <strong>Podpo\u0159it n\u00e1s m\u016f\u017eete finan\u010dn\u011b, tak i materi\u00e1ln\u011b.<\/strong> Finan\u010dn\u00ed prost\u0159edky budou pou\u017eity na \u00fahradu letenek, hotelu, stravy a dopravy t\u00fdmu b\u011bhem MS. Z materi\u00e1ln\u00ed pomoci uv\u00edt\u00e1me reklamn\u00ed p\u0159edm\u011bty s t\u00e9matikou \u010cR, oble\u010den\u00ed t\u00fdmu, v\u00fdstroj a vybaven\u00ed hr\u00e1\u010dek. Podpo\u0159it n\u00e1s m\u016f\u017eete na z\u00e1klad\u011b smlouvy o reklam\u011b a propagaci nebo darovac\u00ed smlouvy.<\/p>\n<p style=\"text-align: center;\"><strong>Na\u0161im partner\u016fm nab\u00edz\u00edme<\/strong><\/p>\n<p style=\"text-align: center;\">um\u00edst\u011bn\u00ed reklamn\u00edch banner\u016f na ofici\u00e1ln\u00edch svazov\u00fdch str\u00e1nk\u00e1ch a soci\u00e1ln\u00edch s\u00edt\u00edch \u010cSRI<\/p>\n<p style=\"text-align: center;\">um\u00edst\u011bn\u00ed reklamy na dresech, kalhot\u00e1ch a helm\u00e1ch<\/p>\n<p style=\"text-align: center;\">uveden\u00ed loga na merchandise produktech \u010cSRI<\/p>\n<p style=\"text-align: center;\">uveden\u00ed loga partnera v\u00a0r\u00e1mci propagace ringetu v televizi<\/p>\n","protected":false},"excerpt":{"rendered":"<p>Po\u0159adatelem leto\u0161n\u00edho Mistrovstv\u00ed sv\u011bta je kanadsk\u00e9 Calgary. A po p\u00e1t\u00e9 v \u0159ad\u011b se z\u00fa\u010dastn\u00ed nejd\u016fle\u017eit\u011bj\u0161\u00ed ringetov\u00e9 akce roku i \u010cesk\u00e1 republika. Ringet je v \u010cesk\u00e9 republice st\u00e1le mlad\u00fdm sportem a jednotliv\u00e9 ringetov\u00e9 akce v\u010detn\u011b reprezentace jsou samofinancovan\u00e9 jednotliv\u00fdmi hr\u00e1\u010dkami a \u010dleny svazu. Jen d\u00edky na\u0161im partner\u016fm jsme schopni tuto z\u00e1t\u011b\u017e sn\u00ed\u017eit a umo\u017enit tak v\u00edce &hellip; <a href=\"https:\/\/www.ringet.cz\/?page_id=109\" class=\"more-link\">Pokra\u010dov\u00e1n\u00ed textu <span class=\"screen-reader-text\">Partne\u0159i<\/span> <span class=\"meta-nav\">&rarr;<\/span><\/a><\/p>\n","protected":false},"author":1,"featured_media":0,"parent":0,"menu_order":0,"comment_status":"closed","ping_status":"open","template":"","meta":{"footnotes":""},"class_list":["post-109","page","type-page","status-publish","hentry"],"_links":{"self":[{"href":"https:\/\/www.ringet.cz\/index.php?rest_route=\/wp\/v2\/pages\/109","targetHints":{"allow":["GET"]}}],"collection":[{"href":"https:\/\/www.ringet.cz\/index.php?rest_route=\/wp\/v2\/pages"}],"about":[{"href":"https:\/\/www.ringet.cz\/index.php?rest_route=\/wp\/v2\/types\/page"}],"author":[{"embeddable":true,"href":"https:\/\/www.ringet.cz\/index.php?rest_route=\/wp\/v2\/users\/1"}],"replies":[{"embeddable":true,"href":"https:\/\/www.ringet.cz\/index.php?rest_route=%2Fwp%2Fv2%2Fcomments&post=109"}],"version-history":[{"count":3,"href":"https:\/\/www.ringet.cz\/index.php?rest_route=\/wp\/v2\/pages\/109\/revisions"}],"predecessor-version":[{"id":1364,"href":"https:\/\/www.ringet.cz\/index.php?rest_route=\/wp\/v2\/pages\/109\/revisions\/1364"}],"wp:attachment":[{"href":"https:\/\/www.ringet.cz\/index.php?rest_route=%2Fwp%2Fv2%2Fmedia&parent=109"}],"curies":[{"name":"wp","href":"https:\/\/api.w.org\/{rel}","templated":true}]}}